2
What is -54322 (base 7) in base 14?
-4d12
-16217 (base 8) to base 13
-3435
What is -114003 (base 5) in base 14?
-179b
813 (base 11) to base 12
69a
Convert 5516 (base 10) to base 11.
4165
52025 (base 6) to base 4
1230101
-97d1 (base 14) to base 5
-1320001
What is 734 (base 8) in base 7?
1250
-441134 (base 6) to base 8
-107322
What is -2104 (base 13) in base 15?
-1547
Convert -1152 (base 6) to base 7.
-554
Convert -1021011 (base 5) to base 7.
-100403
What is 8344 (base 10) in base 12?
49b4
Convert -30071 (base 12) to base 5.
-3443133
What is -4523 (base 6) in base 9?
-1406
What is 222110 (base 3) in base 15?
329
What is 127547 (base 8) in base 14?
12515
What is -15111 (base 6) in base 9?
-3277
1332112 (base 5) to base 4
12220111
4b82 (base 13) to base 15
32bd
Convert 712 (base 10) to base 5.
10322
Convert 16e (base 16) to base 8.
556
Convert 434 (base 9) to base 4.
11203
-101101110010010 (base 2) to base 7
-125226
What is 1021210 (base 3) in base 8?
1653
585 (base 9) to base 13
2b1
-1212 (base 6) to base 3
-101222
Convert -7829 (base 12) to base 11.
-9a84
What is 122331 (base 4) in base 5?
23400
270a (base 13) to base 9
7587
What is -368 (base 11) in base 15?
-1e2
What is 2130 (base 9) in base 12?
aa6
What is -5c (base 14) in base 7?
-145
202333 (base 4) to base 2
100010111111
48588 (base 10) to base 13
19167
3475 (base 8) to base 9
2478
-1211002 (base 3) to base 6
-10045
What is -110000000110 (base 2) in base 12?
-1946
What is 2277 (base 8) in base 3?
1200000
Convert 14b9 (base 16) to base 4.
1102321
-125 (base 14) to base 9
-274
Convert 6315 (base 8) to base 2.
110011001101
What is a1a (base 15) in base 7?
6430
Convert 2676 (base 8) to base 11.
1117
Convert 4328 (base 9) to base 10.
3185
What is 1086 (base 9) in base 7?
2232
What is 5645 (base 8) in base 2?
101110100101
-12012110 (base 3) to base 14
-154c
What is -1000110110010 (base 2) in base 12?
-2756
-20002 (base 3) to base 5
-1124
511 (base 11) to base 6
2505
What is d785 (base 16) in base 6?
1103233
930 (base 11) to base 6
5110
-2a806 (base 13) to base 7
-453356
-2014 (base 7) to base 2
-1010111001
-101000 (base 4) to base 16
-440
30 (base 12) to base 11
33
Convert -443 (base 12) to base 13.
-393
What is -64 (base 12) in base 9?
-84
242 (base 10) to base 12
182
Convert -11111 (base 4) to base 5.
-2331
-c31 (base 13) to base 10
-2068
What is 10323 (base 7) in base 6?
15513
121a2 (base 13) to base 16
81e8
What is -746 (base 8) in base 10?
-486
What is -416 (base 15) in base 3?
-1021010
Convert -172 (base 12) to base 13.
-149
What is 111132 (base 4) in base 9?
1786
1021121120 (base 3) to base 16
6291
-24051 (base 7) to base 15
-1c90
Convert 10445 (base 6) to base 13.
890
Convert -da (base 16) to base 7.
-431
1034 (base 7) to base 10
368
Convert 11110011010101 (base 2) to base 4.
3303111
4cb5 (base 14) to base 11
a151
138 (base 9) to base 14
84
What is -353 (base 9) in base 5?
-2131
What is -1124 (base 12) in base 16?
-76c
What is -5034 (base 7) in base 12?
-1010
-4860 (base 9) to base 15
-1113
What is 213314 (base 5) in base 8?
16246
What is 2f (base 16) in base 15?
32
-37505 (base 9) to base 8
-61154
What is 133a (base 13) in base 2?
101011000001
Convert 248 (base 12) to base 8.
530
Convert -2110020 (base 3) to base 11.
-1386
-171 (base 10) to base 4
-2223
1401 (base 5) to base 10
226
What is -1232 (base 12) in base 2?
-100000000110
What is 6953 (base 10) in base 3?
100112112
What is 7677 (base 12) in base 7?
53023
-805 (base 9) to base 8
-1215
What is -75 (base 12) in base 4?
-1121
2643 (base 8) to base 14
751
What is -11110100 (base 2) in base 4?
-3310
What is 12003 (base 4) in base 6?
1443
-10280 (base 10) to base 14
-3a64
What is 5629 (base 13) in base 3?
121111201
What is 55 (base 14) in base 7?
135
16a (base 12) to base 6
1014
What is 27675 (base 8) in base 13?
5741
Convert -10110100011 (base 2) to base 15.
-663
Convert 1122210 (base 3) to base 14.
625
Convert -4153 (base 7) to base 13.
-883
What is -509 (base 12) in base 13?
-441
Convert 24276 (base 8) to base 14.
3b30
Convert 4a6 (base 14) to base 8.
1642
Convert 509 (base 12) to base 16.
2d9
Convert 43432 (base 6) to base 10.
5996
Convert 11 (base 4) to base 12.
5
2012 (base 5) to base 4
10001
Convert -1a26 (base 11) to base 3.
-10112011
36634 (base 8) to base 6
201004
c9d (base 14) to base 10
2491
-55540 (base 9) to base 7
-212361
Convert 582 (base 9) to base 10.
479
-14e (base 15) to base 6
-1215
Convert -af4 (base 16) to base 8.
-5364
What is -cab (base 14) in base 5?
-40003
-642 (base 8) to base 10
-418
-10 (base 14) to base 7
-20
471 (base 12) to base 2
1010010101
What is -2387 (base 16) in base 13?
-41a8
What is -39a (base 15) in base 11?
-686
What is -7315 (base 10) in base 4?
-1302103
What is 191 (base 13) in base 16?
11f
What is 516 (base 9) in base 2?
110100100
Convert -9b96 (base 12) to base 16.
-4362
Convert 23b (base 14) to base 13.
283
What is 405 (base 10) in base 14?
20d
6f (base 16) to base 11
a1
What is -1202210010 (base 3) in base 9?
-52703
Convert -501 (base 8) to base 15.
-166
Convert 1000101000011111 (base 2) to base 12.
18567
Convert -31354 (base 12) to base 7.
-355564
Convert -22331212 (base 4) to base 10.
-44902
What is -25495 (base 10) in base 13?
-b7b2
Convert -4626 (base 10) to base 13.
-214b
641 (base 12) to base 11
760
What is -1000010202 (base 3) in base 11?
-13956
132013 (base 9) to base 14
2132a
What is -98b (base 12) in base 5?
-21103
What is 11211 (base 5) in base 7?
2231
What is 181 (base 11) in base 13?
132
What is 40 (base 5) in base 4?
110
-2310012 (base 4) to base 11
-8729
a147 (base 12) to base 11
12150
What is 112112 (base 6) in base 8?
22514
Convert -411 (base 11) to base 2.
-111110000
-94 (base 16) to base 7
-301
What is -27722 (base 8) in base 13?
-5759
4314 (base 7) to base 13
909
Convert -37674 (base 9) to base 2.
-110001011111011
Convert -1043240 (base 5) to base 7.
-105066
Convert -1a045 (base 12) to base 14.
-dc33
26bb (base 16) to base 12
58a3
Convert -399 (base 12) to base 14.
-2b3
What is 1100001001111 (base 2) in base 15?
1c9d
-21340 (base 12) to base 6
-534120
What is -1160 (base 8) in base 9?
-763
What is 2255 (base 7) in base 9?
1115
What is 19470 (base 15) in base 7?
461040
-922 (base 10) to base 11
-769
7437 (base 16) to base 2
111010000110111
What is -98 (base 11) in base 6?
-255
20414 (base 5) to base 7
3651
Convert -100b6 (base 12) to base 11.
-14757
560 (base 13) to base 4
32123
What is a38b (base 12) in base 10?
17819
What is 1021024 (base 5) in base 4?
10021312
What is -a3b (base 16) in base 6?
-20043
What is a7b (base 12) in base 9?
2085
-24671 (base 8) to base 4
-2212321
What is -5181 (base 9) in base 6?
-25331
What is 439 (base 13) in base 4?
23110
a91 (base 13) to base 6
12212
329 (base 13) to base 3
202002
What is -430 (base 6) in base 13?
-c6
22000301 (base 4) to base 5
2303014
-98 (base 12) to base 15
-7b
Convert 675 (base 14) to base 8.
2377
What is -4e51 (base 16) in base 2?
-100111001010001
Convert 13d (base 16) to base 10.
317
-5a (base 16) to base 4
-1122
-314402 (base 6) to base 3
-1022011102
What is -6503 (base 15) in base 12?
-10456
-1207 (base 13) to base 11
-1a01
What is 2186 (base 16) in base 6?
103422
Convert -1022120 (base 3) to base 10.
-960
What is -22211000 (base 3) in base 13?
-2c04
What is -1028d (base 14) in base 5?
-2221213
6883 (base 11) to base 3
110102000
214101 (base 5) to base 14
29a9
Convert 45255 (base 6) to base 9.
8658
What is 1516 (base 16) in base 5?
133043
5456 (base 16) to base 8
52126
221 (base 14) to base 5
3141
Convert -2830 (base 11) to base 10.
-3663
ba3 (base 12) to base 5
23312
What is -448 (base 15) in base 13?
-596
What is -dd (base 16) in base 15?
-eb
What is -7e7 (base 15) in base 12?
-1054
What is 120211 (base 4) in base 11?
1200
101100101001010 (base 2) to base 10
22858
Convert -4b3b (base 13) to base 7.
-43121
Convert 141 (base 6) to base 5.
221
What is -1120101111 (base 3) in base 8?
-74265
Convert -681 (base 9) to base 8.
-1057
Convert 12713 (base 9) to base 3.
102210110
What is -2030110 (base 5) in base 2?
-1000000110000011
Convert 32312 (base 4) to base 11.
794
-943 (base 16) to base 9
-3224
What is -4e95 (base 16) in base 5?
-1120432
Convert -721 (base 8) to base 16.
-1d1
Convert -1030 (base 4) to base